*w**5/10 + w**4/6 - w**2/2 - 5*w. Determine n(a).
7
Let m(w) = 0*w**2 - 4*w**2 + 2*w + w**2 + 4 + 2*w**2. Suppose 2*f + 5 = 3*f. Give m(f).
-11
Let z(b) be the third derivative of -b**5/60 + b**4/6 - b**3/3 + b**2. Let w(o) be the first derivative of z(o). What is w(3)?
-2
Let a be (-1)/((4/2)/(-9 + 3)). Let t(k) = k**2 - 5*k + 4. Determine t(a).
-2
Let w(k) = 6*k**2 - k - 4. Let h(v) = 2*v**2 - 1. Let g(m) = -8*h(m) + 3*w(m). Let t = -7 - -3. Let p be (-12)/10*10/t. Give g(p).
5
Let o(u) = 17 + 3*u**2 - 28 - 6*u**2 + 12. Calculate o(-2).
-11
Let i(q) = -q**2 - q. Let j be i(2). Let m(z) = 9*z**3 + 7*z**2 + 3*z + 2. Let o(f) = 11*f**3 + 7*f**2 + 2*f + 2. Let d(g) = 5*m(g) - 4*o(g). Give d(j).
-4
Let o(u) = -u**3 + u**2 + u + 1. Let y(n) = 3*n**3 + 4*n**2 - 13*n + 2. Let x(i) = -4*o(i) - y(i). What is x(7)?
8
Suppose -g + 4 = -1. Suppose -g*w = -5 - 0. Let a(t) = -6*t - 2. Let f(l) = 1. Let y(m) = -a(m) - f(m). Give y(w).
7
Let a(x) = -4*x**2 - 15*x + x**2 + 16*x - 2*x**2. Calculate a(1).
-4
Let t(k) = -2*k**3 + 11*k**2 + 9*k - 5. Let n(u) = u**3 - 10*u**2 - 8*u + 5. Let r(i) = 3*n(i) + 2*t(i). Give r(-7).
-2
Let o(l) = 2*l + 2. Let x(z) = z**2 + 6*z - 4. Let c be x(-6). What is o(c)?
-6
Let m(o) = 9*o**2 - 12*o + 13. Let l(d) = -2*d**2 + 3*d - 3. Let j(c) = -26*l(c) - 6*m(c). Let t = -67 - -63. What is j(t)?
-8
Let y(w) = -w**3 + w**2 - 5. Suppose f = -3*f. What is y(f)?
-5
Let f(z) = -3*z**2 - 16*z - 8. Let s(r) = -2*r**2 - 11*r - 5. Let d(b) = -5*f(b) + 7*s(b). Give d(-4).
9
Let t(r) = -6*r**2 + 4*r + 6. Let m(q) = -5*q**2 + 3*q + 5. Let v(x) = -5*m(x) + 4*t(x). Calculate v(-3).
5
Let o = -4 + 10. Let r(d) = 2*d - 8. What is r(o)?
4
Suppose 3 = -d + 4. Let a(y) = -4*y**2 - y + y + d - y. Give a(-2).
-13
Let d(f) = f**2 + f. Let p(a) = a**3 - 12*a**2 + 5*a - 8. Let g(n) = -4*d(n) - p(n). Let t be g(7). Let j(s) = 0*s**2 - 6 + 7*s + 2*s + s**2 - 3*s. Give j(t).
-6
Let n(m) = -2*m**2 - 4*m - 2. Let r = 9 + -17. Let a(p) = p**2 + 10*p + 9. Let f be a(r). Let k = f + 4. What is n(k)?
-8
Let c(z) = -7*z**2 + z - 1. Let u = -2 + 7. Suppose -p = 5*d - 26, -3*d + 2*d = -u*p. Determine c(p).
-7
Let i(p) = 3*p**3 - 2*p - 1. Let m = 23 - 24. Give i(m).
-2
Let s(j) be the first derivative of -j**2/2 + j + 5. What is s(2)?
-1
Let v(s) = -s**2 + 5*s + 10. Let j be (-47)/(-7) - (-2)/7. Determine v(j).
-4
Let s(j) be the second derivative of -1/2*j**4 + 5*j - 1/6*j**3 + 0 + 1/20*j**5 + 3*j**2. Calculate s(6).
0
Let h(q) = -q**3. Let i be h(-1). Let z(c) = 4*c**3 + 2*c - 1. Give z(i).
5
Let v(n) = -3*n**2 - 13*n - 15. Let t(c) = 9*c + 13 + 4*c**2 + 10*c + 9. Let d(m) = -5*t(m) - 7*v(m). Let g(a) = -a + 10. Let i be g(5). What is d(i)?
0
Let p = 23 + -8. Suppose 3*q - p = 3. Let r(g) = 23*g - 6 + 12*g - 27*g - g**2. Give r(q).
6
Let b(k) be the third derivative of -13*k**4/24 - k**3/6 + k**2. Suppose -3*q - 28 = 3*o + 2*q, 4*q = -4*o - 24. What is b(o)?
12
Suppose -21 = l - 18. Let h(a) = -a**2 - 5*a - 2. What is h(l)?
4
Let n(k) = -k**3 + 7*k - 9. Let y(i) = i**2 + 1. Let x(r) = n(r) + 3*y(r). Let a = 14 + -9. Suppose -a*b = -8 - 12. Determine x(b).
6
Let m(h) = h + 8. Let x be m(-4). Let c(j) = -x*j - 3 - 1 + 2. Suppose -3*b = 5*n - 10, -4*n + 0*b + 8 = -4*b. What is c(n)?
-10
Let f = 62 - 44. Let k = f - 13. Let l(q) = q**2 - 4 - k*q - q + 2*q - 1. Give l(4).
-5
Let r(t) = -7*t - 1 + t**2 + 3*t**2 + 6*t + 0*t**2. Calculate r(-1).
4
Suppose i = -3*i + 8. Let l(g) = 0*g**i - 3 - g**3 - 2*g - 2*g - 5*g**2. Calculate l(-3).
-9
Let j = 80 + -82. Let z(v) = -v**2 - v - 1. Let k(m) = 2*m**2 + m + 1. Let r = -5 - -2. Let s(o) = j*k(o) + r*z(o). Give s(3).
-5
Suppose 2*x + 5*d = 4 + 13, -12 = -3*x - 3*d. Let c(k) = -1 + k + x. Suppose 2*n + 10 = 4*j, -j - j = 0. Calculate c(n).
-5
Let v(j) = -j - 4 + 0*j + 3 + 4*j. What is v(3)?
8
Let y(x) = -x - 1. Let r(z) = -z**3 - 2*z**2 - 9*z - 9. Let p(i) = -r(i) + 6*y(i). Let j be (4/10)/(10/(-50)). Give p(j).
-3
Suppose -2*k - 1 + 11 = 0. Suppose k*g + 3*r = 5, 2*r + 0*r - 4 = -3*g. Let h(w) = -4 + 2 + 2*w - w**2 + 0*w**2 + 2*w**2. Calculate h(g).
-2
Let z(w) = 3 - w**2 + 2*w - 2*w. Calculate z(0).
3
Let g be 1/(-1)*-2 + -4. Let c(n) = -10*n**2 + 2*n - 16. Let j(s) = 3*s**2 - s + 5. Let r(o) = g*c(o) - 7*j(o). Determine r(2).
-1
Let k(c) be the first derivative of -c**4/4 - 4*c**3/3 - c**2 - c - 2. Let j be ((-3)/(-2))/(3/(-16)). Let l be (4/8)/(1/j). Calculate k(l).
7
Let r = -62 + 44. Let d be (r/3)/3*2. Let i(u) = -3*u - 6. What is i(d)?
6
Let d(b) = -3*b + 2. Let q(n) = -4*n + 3. Let f(k) = 7*d(k) - 5*q(k). Let t(u) = 5*u + 13. Let p(v) = -6*f(v) - t(v). Give p(5).
-2
Let z(d) be the second derivative of d**6/360 - d**4/12 - 3*d. Let n(a) be the third derivative of z(a). Give n(1).
2
Let c(p) be the third derivative of p**4/8 + 9*p**2. Give c(-3).
-9
Let q = -5 + 7. Let w(m) = -2*m - 2 + 2 + 0 + q. Give w(3).
-4
Let h(z) = z**2 + 2. Let d(j) = -j**2 - 3*j - 2. Let n be d(-2). What is h(n)?
2
Suppose -2*s + 5 + 1 = 0. Let j(t) = -2*t**2 - 4 - 2*t + 0 + t**s + 1. Suppose -120*d = -121*d + 3. Determine j(d).
0
Let u(g) = -g**2 - 4*g + 5. Let k be u(-4). Suppose 15 - 5 = 5*h. Suppose 9*f - 4*f = k*n - 20, 0 = h*n - 3*f - 12. Let y(m) = m**2 - m + 8. Determine y(n).
8
Let z(b) be the third derivative of 2*b**5/15 - b**4/24 + b**2. Suppose 0*g - g + 5 = 0. Let q = -4 + g. What is z(q)?
7
Let m(y) = y**2 + y - 2. Suppose b = -i + 6, -6 - 8 = -5*b - i. Suppose 4*g - 6*v = -b*v, -g + 2*v = -2. What is m(g)?
0
Let b(s) = s**2 + 7*s + 1. Let i be (-2 - (-1 - -2))*1. Let k be -1 + (-2 - 2*i). Suppose -k*y - 5 = -2*y. Give b(y).
-9
Suppose 2 = -a - 3. Let f(u) be the first derivative of u**6/120 + u**5/12 - u**3/2 - u**2/2 + 3. Let z(p) be the second derivative of f(p). Determine z(a).
-3
Let h(o) = 0*o + 1 + 3 + 3*o + 0. Let g be h(-3). Let v(q) = -q - 5. Calculate v(g).
0
Suppose 0 = 2*u + 5 + 7. Let i(j) = 8*j + 10. Let r(v) = 9*v + 11. Let t(w) = u*r(w) + 7*i(w). What is t(-4)?
-4
Let l(n) = n. Let c be (7/(-2))/((-1)/2). Give l(c).
7
Let s be (-88)/(-14) + (-4)/14. Let y(p) = -p**3 + 6*p**2 + 2*p - 7. Let m be y(s). Let t(k) = -m + 1 - k + 1. What is t(-5)?
2
Let d(r) be the third derivative of -r**4/6 + r**3/2 - 4*r**2. Determine d(3).
-9
Let u(g) = -g**3 - g - 1. Let c(j) be the first derivative of -3*j**4/2 + 4*j**3/3 + j**2/2 - 6*j + 3. Let o(d) = -c(d) + 5*u(d). Determine o(5).
-4
Suppose -2*j - 15 = -7*j. Let b(c) = -3*c + 3. What is b(j)?
-6
Let p(a) be the first derivative of -a**2/2 - 10*a + 7. Calculate p(-5).
-5
Let d = 9 + -4. Let c(p) = -p**3 - p**2 + p - 1. Let b = 5 + -4. Let y(h) = -7*h**2 + 6*h + 4. Let m(g) = b*y(g) - c(g). Calculate m(d).
5
Let g(b) = 18*b**2 + 2*b - 1. Suppose -c + 0*c - 3*m + 16 = 0, -4*c + 29 = 5*m. Calculate g(c).
19
Let l(s) be the third derivative of -s**6/720 - s**4/8 - s**2. Let n(x) be the second derivative of l(x). Let b(y) = 4. Let q(i) = -b(i) - n(i). Calculate q(3).
-1
Let m(a) = 2*a + 1. Let u be m(1). Suppose -5 = -u*i - 2. Let j(x) = 5*x**3 - 2*x**2 + 2*x - 1. Give j(i).
4
Let j(n) = -n + 2. Let a = 12 + -6. Let k = -10 + a. Calculate j(k).
6
Let a(p) = 2*p**3 - 5*p**2 + 2*p. Suppose -8*n + 13 = -11. Calculate a(n).
15
Let r(v) = v + 1 - 2 + 0*v. Let s be (-415)/45 + (-4)/(-18). Let h = -7 - s. What is r(h)?
1
Let l(f) = -f + 2. Let w(v) = v**2 - 2*v - 5. Let u(g) = g**2 - g - 4. Let k(b) = -4*u(b) + 3*w(b). Let p be k(-3). Determine l(p).
4
Let j(m) = m + 4. Let v = -5 + 7. Let u be ((-18)/2)/(3/v). Calculate j(u).
-2
Let q(g) be the second derivative of -g**3/2 - g**2 + 3*g. Let p(z) = -z + 3*z + 9 - 4*z. Let l be p(6). Calculate q(l).
7
Let n(r) = -1 - r + 0 - 4. Suppose 0*o + 2*o - x + 6 = 0, -3*o - 4 = -4*x. Give n(o).
-1
Let z(b) = -2*b + 8. Let n be -53 + 61 - (0 + (0 - -2)). Calculate z(n).
-4
Suppose 2*a + 0 = -2*k - 8, -2*k - 20 = 4*a. Let o(r) = -8*r**2 - 5*r + 4. Let z(w) = -w**3 + w**2. Let p(q) = o(q) + z(q). Determine p(a).
-2
Let f(y) be the first derivative of y**3 + 1. Let p be f(-1). Suppose 4*w = 5*u + 41, 0*w - w = -p*u - 19. Let o(c) = c + 1. Calculate o(u).
-4
Suppose 3 = -5*x + 6*x. Suppose i + x = -0. Let f(r) = -5 + 5 + 4 + 3*r. Determine f(i).
-5
Suppose -4*x + 9 = -x. Let j(c) = 0*c**2 + x*c**2 - 2*c**2 - 5. What is j(0)?
-5
Let m(g) = 4*g**3 - 